+ 64 = 3*j, 4*o = -3*j + t. Calculate the highest common divisor of 4 and o.
4
Let o = -10 - -34. Calculate the highest common factor of o and 6.
6
Let n be (-1)/(-5) - (-98)/10. Suppose 16 = 4*i, x + 2*x - 30 = -3*i. Suppose -2*y + x + 2 = 0. Calculate the greatest common divisor of y and n.
2
Suppose 16 = h + 3*h. Let s = h + -5. Let c be (-1)/(s*(-1)/(-9)). What is the greatest common divisor of c and 9?
9
Suppose -6 - 18 = -d. What is the greatest common divisor of d and 30?
6
Let q(v) = v**2 - 3*v - 5. Let n be q(7). Calculate the greatest common factor of n and 69.
23
Let x(b) = b + 5. Let r be x(4). Calculate the highest common divisor of 27 and r.
9
Let l = -7 + 16. Suppose 120 = 5*f - 195. Calculate the highest common divisor of l and f.
9
Suppose 0*i = 3*i - 48. Let j be 2/(-3)*-12*i. Suppose -4*p - 24 = -j. What is the greatest common divisor of p and 65?
13
Suppose v = -3*v. Suppose -t + 1 = -v. Suppose 3 = 2*i + t. What is the highest common divisor of 8 and i?
1
Let t(f) be the first derivative of -2 - 3*f + 25/2*f**2. Let l be t(3). Calculate the highest common divisor of l and 12.
12
Suppose -4*l = -5*g - 32, -3*l + 2*g + 2*g + 25 = 0. Calculate the highest common divisor of l and 9.
3
Let h be 1/(1 - 96/100). What is the highest common factor of 50 and h?
25
Suppose -t + 208 = t. Suppose -w = -18 + 5. What is the greatest common factor of w and t?
13
Suppose -67 = -4*r - 7. Suppose -7 = 3*c + 8, 155 = u + 2*c. What is the greatest common factor of r and u?
15
Let f(h) = 2*h - 31. Let q be f(21). Calculate the highest common divisor of 99 and q.
11
Suppose -10 + 4 = -c. Suppose g - 75 = -c*q + q, 0 = -3*q + 3. What is the highest common divisor of 14 and g?
14
Suppose 0 = -6*p - 0*p - 42. Let f(w) = 2*w + 16. Let k be f(p). What is the highest common factor of k and 16?
2
Suppose -2*c - 2*n + 40 = -5*n, c - 20 = n. Let r be (8/c)/((-2)/(-70)). Calculate the greatest common factor of 56 and r.
14
Let c be 41 + -3 + 2 + -1. What is the highest common divisor of 26 and c?
13
Let f(j) = j**3 - 4*j**2 - 2*j - 12. Let g be f(7). What is the highest common divisor of g and 11?
11
Let b be (-198)/(-4)*(0 - -2). Let s be (-35)/(-4) - (-1)/4. What is the highest common factor of b and s?
9
Let x(r) = r**2 - 9*r + 27. Let n be x(15). What is the highest common factor of 13 and n?
13
Let a be 330/44*4/3. What is the highest common divisor of a and 90?
10
Let p(o) = 4*o - 6. Let k be p(6). Suppose -l = -4*j + 36, -2*l + 27 = 3*j - 3*l. Calculate the highest common divisor of k and j.
9
Suppose 180 = 8*i - 6*i. What is the greatest common factor of 10 and i?
10
Suppose -2*o + 43 = 3*y + 3*o, 0 = -y - o + 13. Let f = 6 - y. Let h be ((-4)/f)/(4/10). What is the greatest common factor of h and 22?
2
Let q(o) = 41*o - 18. Let n be q(2). What is the highest common factor of 4 and n?
4
Let l be 45/(-12) - 1/4. Let v(s) = -s**3 - 3*s**2 - 3*s - 6. Let b be v(l). Calculate the greatest common divisor of b and 33.
11
Suppose 6 + 4 = 5*f. What is the greatest common divisor of 3 and f?
1
Suppose -4*h = -s + 28, -2*s - 6*h = -h - 4. Suppose 3*a = 19 + 17. Calculate the greatest common divisor of a and s.
12
Let k be -7 + 229 + (-1 - -4). Suppose 6*j - k = j. Let c(r) = r**2 + r - 5. Let s be c(4). Calculate the greatest common divisor of j and s.
15
Suppose -5*z + 18 = -27. Calculate the highest common divisor of z and 63.
9
Suppose 5*b - 3*g + g = 644, -4*g = 5*b - 632. Calculate the highest common factor of b and 16.
16
Let p(j) = -3*j**2 + 15*j + 11. Let w(k) = -2*k**2 + 8*k + 5. Let r(u) = 3*p(u) - 5*w(u). Let q be r(-6). Calculate the highest common divisor of q and 14.
14
Let l be 400/24 + (-8)/(-6). What is the highest common factor of l and 198?
18
Suppose -3*y - 3 = -3*o, 6 = 2*o - 4. Suppose y*m + 5*b - 17 = 0, 43 = 5*m - 4*b + 3*b. What is the greatest common factor of m and 40?
8
Let y = 57 + -45. What is the highest common factor of 3 and y?
3
Suppose -4*l - 2*j + 42 = -2*l, -l = 3*j - 31. What is the greatest common divisor of l and 176?
16
Let r = 50 + -35. Calculate the greatest common factor of r and 60.
15
Suppose 5*q = q + 3*s + 269, 4*s = 4. Let o be (2 - 0/(-1)) + q. What is the highest common factor of 10 and o?
10
Suppose 4*p + 59 - 67 = 0. Let a(n) = n**3 + 3*n**2 + 4*n - 4. Let g be a(5). Suppose p*t = -t + g. Calculate the highest common factor of 18 and t.
18
Suppose 0 = -4*m + m. Suppose -2*g + 3*g - 34 = m. Let u be g/3 - 3/9. What is the highest common divisor of u and 1?
1
Let c be 9 + (-1)/((-3)/(-9)). Calculate the highest common divisor of 42 and c.
6
Suppose -2*a + 5 = -a. Suppose 27 - 1 = -5*w + u, -20 = a*w + 5*u. Let l = 5 - w. Calculate the highest common factor of l and 80.
10
Suppose 3*v = -4*j + 147, v = -2*j - v + 74. Let z = 38 - 54. Let p = z + 20. What is the highest common factor of p and j?
4
Suppose 6 = -n + a, n - 4 = 2*a - 11. Suppose -v + 3*v - 34 = 0. Let q = n + v. What is the highest common divisor of 8 and q?
4
Let i(g) = g**3 - 9*g**2 + 3*g - 11. Let z be i(9). Calculate the greatest common divisor of z and 24.
8
Let r be 6/(-33) + 794/11. What is the highest common factor of r and 8?
8
Let n = 3 + -2. Let z = -7 + 2. Let h be n - 5/(z/62). What is the highest common divisor of h and 7?
7
Suppose -k - 6*i = -2*i - 16, -k = -5*i + 2. Calculate the highest common divisor of k and 24.
8
Let f = -60 + 84. Suppose 9*c - 7*c - 12 = 0. Calculate the highest common divisor of f and c.
6
Let m be 4/(-10)*-1*5. Suppose 0 = g + 2, -3381 = -5*h - m*g. Suppose -2*q - 2*p = -300 + 34, -5*q = p - h. What is the greatest common factor of q and 17?
17
Let k be 6/8 + (-30)/40. Let f(x) = -x**2 + 28. Let c be f(k). Calculate the greatest common factor of c and 70.
14
Suppose -g + 12 = 3*g. Suppose -g*d + 8 = -28. Calculate the highest common divisor of 72 and d.
12
Suppose 18*p - 18 = 15*p. What is the highest common divisor of p and 6?
6
Suppose 4 + 217 = 5*w - u, 2*w + u - 94 = 0. Suppose -102 = -i + w. What is the highest common divisor of i and 21?
21
Let s(p) = -p**3 + 8*p**2 + 4*p - 8. Let o be s(4). What is the greatest common divisor of o and 36?
36
Let g(r) = -r - 5. Let q be g(9). Let c be (-6)/q + (-501)/(-7). Calculate the greatest common divisor of c and 8.
8
Let d(r) = -r**2 + 7*r + 1. Let h be ((-180)/(-105))/(2/7). Let y be d(h). Calculate the greatest common factor of 21 and y.
7
Let g(v) = -19*v**3 - 2*v - 2. Let n be g(-1). What is the highest common factor of n and 114?
19
Suppose 0 = r - 4, -z - 4*z = 4*r - 1006. Calculate the greatest common factor of z and 18.
18
Let k be (-2*4)/(9 + -10). Let s = -5 + 6. Calculate the highest common factor of k and s.
1
Let c = -167 + 175. What is the highest common divisor of 40 and c?
8
Suppose l + 3*l - 4*g - 36 = 0, -5*l + 46 = -4*g. Let z = 12 - l. Calculate the greatest common factor of z and 14.
2
Let h(w) = 2*w**2 - 5*w - 8. Let s be h(5). Let b be 31 + 4 - (0 - -1). What is the greatest common divisor of s and b?
17
Let g(r) = r**2 + 3*r - 7. Let p be g(-5). Calculate the greatest common factor of 27 and p.
3
Suppose 0 = -44*a + 46*a - 44. What is the highest common factor of a and 2?
2
Suppose 7*i - 116 = -4. Suppose -2*y = -4*y + 4, y = 3*s - 430. Calculate the greatest common divisor of i and s.
16
Let f be (-35)/(-5) + (1 - 1). Let j(a) = 22*a + 2. Let d be j(5). Let b = d + -49. Calculate the greatest common factor of f and b.
7
Let i = 9 - 0. What is the greatest common divisor of i and 45?
9
Let f = -3 - -10. Let v = 8 - 6. Suppose v*n + 4*x + 15 - 147 = 0, 2*n - x - 107 = 0. What is the greatest common factor of n and f?
7
Let q(n) = -n**3 - 7*n**2 - 4*n - 2. Let s be q(-7). What is the highest common factor of 39 and s?
13
Suppose 0 = p - 16 + 6. What is the highest common divisor of p and 15?
5
Suppose 2*q - 20 = 18. What is the greatest common factor of 19 and q?
19
Let j(s) = 12*s**2 + s + 1. Let g be j(-1). Calculate the highest common divisor of g and 60.
12
Let u be ((-4)/3 + 2)*264. Suppose 71 = 4*t + 7. Calculate the greatest common divisor of u and t.
16
Suppose -3*k + 0*k - l + 49 = 0, -2*k = -4*l - 56. Let c be 6 + 2/18*0. What is the highest common factor of c and k?
6
Let p(j) = 2 + 0*j**2 - 2*j**2 - j**3 + 7*j**2 + 7*j. 